actor of 2 and x?
2
Suppose 46*z - 37*z + 81 = 0. Let y be (27/z - -1)*-16. What is the highest common factor of y and 80?
16
Let c be (285 - 293) + 1 + 25 + -1. Calculate the greatest common divisor of c and 3536.
17
Let b be (-27)/(-45) + 314/10. Let l be (-10)/((b/4)/(-16)). What is the greatest common divisor of l and 480?
20
Let t(f) = -f**2 + 85*f - 870. Let k be t(46). Calculate the highest common divisor of k and 22.
22
Let h be (0/2)/((-6 - 6) + 14). Let n(s) = -43*s + 10. Let m be n(h). Let g = 151 + -41. What is the greatest common divisor of m and g?
10
Suppose 130 - 48 = 5*x - 3*k, -4*x = -3*k - 68. What is the highest common factor of x and 1526?
14
Let g be 4/54*-6*-9. Suppose -4*p = -2*f + 7*f + 5689, -4*f + g*p = 4544. Let u be (-8)/6 - -1 - f/9. Calculate the greatest common divisor of 18 and u.
18
Let y be ((-48)/224*8)/(4/(-14)). Suppose -4*g - b + 31 = 4*b, y = -g - 4*b. Calculate the highest common factor of g and 161.
7
Suppose 5*t = 3*x + 28, 4*x = 2*t - 7*t + 21. Suppose -l - 5*i - 2 = 3, t*l - 59 = -4*i. What is the greatest common factor of l and 135?
15
Let s = 35 - -78. Suppose -s*q + 116*q - 39 = 0. Let u be 6/(-4)*(-156)/9. Calculate the greatest common factor of u and q.
13
Let j = 46 + -28. Suppose j = i - o, -i = 4*o + 16 - 14. Let c be 54/4 - 1/(-2). What is the greatest common divisor of c and i?
14
Let r(h) = h**2 + 26*h + 3. Let y(f) = -f + 1. Let t(k) = r(k) + 2*y(k). Let m be t(-15). Let c = 144 + m. What is the highest common factor of 7 and c?
7
Let w = 347 + 1097. What is the highest common factor of 4 and w?
4
Suppose 4*o + 2*r - 11 - 11 = 0, o - 3 = 2*r. Suppose 3*c + 888 = 3*y, y + 0*c - 296 = o*c. What is the highest common divisor of y and 222?
74
Let z = 8565 - 8532. Suppose -5*n - 3*g + 1047 = -4*g, -10 = 5*g. Calculate the highest common factor of n and z.
11
Let a(p) = -p**3 + 16*p**2 - 21*p - 8. Let x be a(8). Suppose 9*t - x = t. What is the highest common divisor of t and 70?
14
Let k be (-12)/(-18)*(-33)/2. Let o = k + 47. Let w(j) = 5*j + 194. Let u be w(-38). Calculate the greatest common divisor of u and o.
4
Suppose -z = 2*z - i - 1933, -5*i - 1267 = -2*z. Let o = z + -97. What is the highest common factor of 61 and o?
61
Let g = 4468 + -4357. Let x = -46 + 97. Let c = g - x. What is the highest common factor of c and 45?
15
Suppose -299*i = -303*i + 2*a + 798, a - 1001 = -5*i. Calculate the highest common factor of 1720 and i.
40
Let c = -555 + 617. Suppose -4*g - 22 = -c. What is the greatest common factor of g and 20?
10
Let i = 11186 - 10212. What is the highest common factor of i and 2?
2
Suppose 5*o - 5*u = 235, o = 1301*u - 1306*u - 7. Calculate the greatest common divisor of o and 9405.
19
Let o = -4 + 160. Let t = -545 - -557. Calculate the greatest common divisor of o and t.
12
Suppose 9 = -39*v + 48. Suppose 5*q = 6*q - 6. Suppose -11 = -q*f + 19. Calculate the greatest common factor of v and f.
1
Suppose 1952 = -11*u + 4845. Suppose 10*s - 477 = u. What is the greatest common factor of 4 and s?
2
Suppose 2*r - 30 = 2*i, 4*i - 27 = -5*r + 21. Let u(g) = 2*g + 7. Let c be u(7). What is the greatest common factor of c and r?
3
Let b be (((-78)/(-4) - -3) + -3)*6. Let g = 38 - b. Let h = 151 + g. What is the highest common factor of 8 and h?
8
Let m(h) = h**2 + 14*h - 3. Let t be m(-17). Suppose -k + t = 13. Suppose 2*d = -3*d - 5*f + k, -4*d = 2*f - 32. What is the highest common factor of 36 and d?
9
Suppose -7*k + 5*x - 25174 = -9*k, k - 12617 = 5*x. Calculate the highest common divisor of k and 51.
51
Suppose 0 = 5*n - n + 4, 0 = 2*m + 4*n - 26. Suppose 5*x - 4*z = 30, 0*z + z = -x + m. Let c = 2 + x. What is the greatest common divisor of c and 30?
6
Suppose -108 = -b + 4*s - 17, 4*b + 2*s = 472. Calculate the highest common divisor of b and 295.
5
Suppose 3*g - m = 2*g + 29, 0 = -2*g - 3*m + 68. Calculate the greatest common factor of 1457 and g.
31
Let w = -199 + 287. Let l = w - -144. What is the greatest common divisor of l and 87?
29
Suppose -2*o - 49 = -85. Suppose -4*j + 3*h = -o, -4*h = 4*j - 7*j + 10. Calculate the highest common factor of 282 and j.
6
Let l be (-402)/5226 - 57696/(-26). What is the greatest common divisor of 14 and l?
7
Let j(f) be the third derivative of -f**5/15 - f**4/12 + 31*f**3/2 - 29*f**2. Let h be j(0). Calculate the greatest common divisor of 62 and h.
31
Suppose 2*a = 3*a. Let h = -32 - -375. Suppose -10*o + 17*o - h = a. What is the highest common divisor of o and 7?
7
Suppose x = 9*x - x. Suppose 0 = -5*z + 20, -4*v + 3*z - 963 + 3063 = x. What is the greatest common divisor of v and 96?
48
Suppose -5*p - 22 = 4*z, 3*p = 2*z + 15 + 7. Let s = 0 + z. Let d be s/12*(2 + -1 + -7). Calculate the greatest common factor of d and 36.
4
Suppose 5*u = 5*a - 10180, 124*a - 121*a - 6110 = 5*u. What is the greatest common divisor of a and 185?
185
Let y be ((-416)/12)/(178/36 - 5). Calculate the greatest common divisor of y and 40.
8
Let d = -115 + 130. Suppose 24*o - 25 = 19*o. What is the greatest common divisor of o and d?
5
Suppose 5*x = -0*x - 30. Let h be 2/x + (1064/24 - 7). What is the greatest common divisor of 370 and h?
37
Suppose 0 = -11*g + 8*g + q + 10250, 10 = -5*q. What is the highest common divisor of 308 and g?
28
Let l be -1*(8/(-36) + 92588/(-18)). What is the greatest common factor of 8 and l?
8
Let m = 265 - 266. Let g be (8 - -41)*m/(-4 - -3). What is the highest common divisor of g and 441?
49
Suppose -1 = 3*h + 2. Suppose -62*d - 34*d - 2880 = 0. Let s be 2*d*h/4. What is the greatest common divisor of s and 105?
15
Suppose -7*s = 4 - 18. Suppose -s*z + 4*y + 120 = 0, -79 = 2*z + 2*y - 229. Calculate the highest common divisor of 14 and z.
14
Let i(c) = -67*c + 44. Let u be i(3). Let l = 245 + u. Calculate the greatest common divisor of l and 11.
11
Let u = -24068 + 25581. Suppose -5*j + 58 + 27 = 0. What is the greatest common factor of u and j?
17
Let k(c) = 3*c**3 - 35*c**2 + 103*c - 8. Let y be k(7). Suppose -5*f - v - 21 + 153 = 0, 2*f - 66 = 4*v. Calculate the highest common divisor of y and f.
27
Let z be (-2)/(-3) + 8/(-18) + (-152920)/(-360). What is the greatest common divisor of z and 225?
25
Let z(l) = 14*l**2 + 153*l - 4241. Let k be z(39). What is the greatest common divisor of k and 20?
20
Suppose -36*m = -39*m - 6. Let h be (0 - m) + (-2)/((-4)/34). What is the highest common divisor of 171 and h?
19
Suppose -708*t = -227*t - 10327070. What is the greatest common factor of 113 and t?
113
Let a(l) = 3*l**2 + 7*l - 4. Let n be (3 - (4 - 4)) + 12. Let k be n/(-1)*12/20. Let b be a(k). What is the greatest common divisor of b and 16?
16
Suppose 95*x = -7*x + 15815 + 16009. What is the greatest common factor of x and 741?
39
Suppose 3*r - 175 = -v, 4*r + 15*v - 265 = 20*v. What is the greatest common factor of 280 and r?
20
Suppose -62*c + 57*c = -195. Let j be (-96)/54*-6 + 5/(-3). Calculate the highest common factor of c and j.
3
Let s = -1670 + 2340. What is the greatest common factor of 30 and s?
10
Let u(h) = -20 - 9*h + 3 + 16*h - 11*h - 6*h. Let b be u(-7). What is the highest common divisor of 477 and b?
53
Let y = -72 + 171. Suppose 15*i - y = 6. Suppose -8 + 26 = c + 3*d, 4 = -4*d. What is the greatest common factor of c and i?
7
Let h be (9 - (-260)/(-30)) + 15917/3. Suppose -h = -7*v + 469. Calculate the highest common divisor of v and 75.
75
Let p = -1165 + 1246. What is the greatest common divisor of 2457 and p?
27
Let r = -278 - -465. Suppose 26*x - 1174 = -3878. Let d = -87 - x. What is the highest common factor of d and r?
17
Let g be 8158 + ((-5)/(-2))/(17/((-1836)/(-45))). Calculate the greatest common factor of 52 and g.
52
Let v be 2946 + ((-117)/26)/(9/(-12)). What is the highest common factor of 54 and v?
18
Let r be ((-1422)/(-27))/(2/36*-2). Let s = r + 528. Calculate the highest common divisor of 234 and s.
18
Suppose 4*f - 177 = 131. Suppose 45 - f = -8*q. Calculate the highest common divisor of q and 20.
4
Let v(s) = 211*s - 2259. Let d be v(11). Calculate the greatest common divisor of 589 and d.
31
Let f = 155 - 150. Suppose -5*t = -n - 54, 26 = t + n - f*n. Calculate the greatest common factor of 2 and t.
2
Suppose 16*a + 136 - 280 = 0. Let s(b) = 43*b + 50. Let v be s(25). 